ndred thousands digit of 356388?
3
What is the units digit of 6726640?
0
What is the millions digit of 1623473?
1
What is the ten thousands digit of 368274?
6
What is the millions digit of 15946311?
5
What is the millions digit of 1373904?
1
What is the thousands digit of 169422?
9
What is the thousands digit of 2611287?
1
What is the tens digit of 15076520?
2
What is the millions digit of 1813689?
1
What is the hundreds digit of 592291?
2
What is the millions digit of 6105965?
6
What is the millions digit of 5446218?
5
What is the hundred thousands digit of 230694?
2
What is the tens digit of 4461280?
8
What is the tens digit of 2509911?
1
What is the units digit of 18472111?
1
What is the thousands digit of 260100?
0
What is the tens digit of 734696?
9
What is the ten thousands digit of 2198329?
9
What is the thousands digit of 832977?
2
What is the hundreds digit of 31132972?
9
What is the thousands digit of 15756216?
6
What is the ten thousands digit of 6195753?
9
What is the hundred thousands digit of 3422306?
4
What is the hundred thousands digit of 373047?
3
What is the ten thousands digit of 1830280?
3
What is the thousands digit of 14055873?
5
What is the units digit of 2227649?
9
What is the hundreds digit of 177483?
4
What is the tens digit of 1015077?
7
What is the units digit of 633216?
6
What is the ten thousands digit of 7907336?
0
What is the ten thousands digit of 727279?
2
What is the hundred thousands digit of 306742?
3
What is the hundred thousands digit of 2925753?
9
What is the hundreds digit of 5234?
2
What is the ten thousands digit of 9265381?
6
What is the ten thousands digit of 433984?
3
What is the millions digit of 5382821?
5
What is the hundreds digit of 2005635?
6
What is the hundreds digit of 481918?
9
What is the tens digit of 12456784?
8
What is the ten thousands digit of 5886722?
8
What is the thousands digit of 167132?
7
What is the hundreds digit of 25301?
3
What is the units digit of 8720198?
8
What is the hundred thousands digit of 8392322?
3
What is the thousands digit of 1123756?
3
What is the thousands digit of 605319?
5
What is the units digit of 676506?
6
What is the tens digit of 7918011?
1
What is the tens digit of 14334?
3
What is the thousands digit of 864106?
4
What is the hundred thousands digit of 245900?
2
What is the ten thousands digit of 4224469?
2
What is the thousands digit of 2045749?
5
What is the thousands digit of 604612?
4
What is the tens digit of 3090001?
0
What is the millions digit of 4748490?
4
What is the hundreds digit of 401911?
9
What is the units digit of 11002291?
1
What is the thousands digit of 13227145?
7
What is the units digit of 269475?
5
What is the hundred thousands digit of 325186?
3
What is the millions digit of 4925695?
4
What is the thousands digit of 145352?
5
What is the units digit of 90826?
6
What is the millions digit of 1831366?
1
What is the hundreds digit of 1407978?
9
What is the tens digit of 79579?
7
What is the hundred thousands digit of 609401?
6
What is the ten millions digit of 16161250?
1
What is the thousands digit of 1330312?
0
What is the tens digit of 355395?
9
What is the thousands digit of 773118?
3
What is the ten thousands digit of 139271?
3
What is the millions digit of 1192137?
1
What is the tens digit of 2627423?
2
What is the hundred thousands digit of 9748847?
7
What is the units digit of 18056923?
3
What is the units digit of 276353?
3
What is the tens digit of 409084?
8
What is the ten thousands digit of 16427471?
2
What is the hundreds digit of 187948?
9
What is the units digit of 25359?
9
What is the ten thousands digit of 1195471?
9
What is the thousands digit of 323275?
3
What is the tens digit of 1306749?
4
What is the ten millions digit of 24372490?
2
What is the ten millions digit of 23186819?
2
What is the tens digit of 110392?
9
What is the hundred thousands digit of 1203090?
2
What is the units digit of 29134?
4
What is the ten thousands digit of 85562?
8
What is the hundred thousands digit of 3440011?
4
What is the units digit of 562317?
7
What is the ten millions digit of 10103254?
1
What is the ten thousands digit of 1543223?
4
What is the hundreds digit of 1465894?
8
What is the ten thousands digit of 1425149?
2
What is the millions digit of 1695892?
1
What is the tens digit of 515628?
2
What is the units digit of 1744817?
7
What is the thousands digit of 3613880?
3
What is the tens digit of 6853073?
7
What is the tens digit of 947462?
6
What is the hundred thousands digit of 8988947?
9
What is the hundreds digit of 742155?
1
What is the thousands digit of 530465?
0
What is the hundreds digit of 78639?
6
What is the units digit of 4343?
3
What is the millions digit of 1511977?
1
What is the millions digit of 1850294?
1
What is the thousands digit of 1144597?
4
What is the hundred thousands digit of 3134417?
1
What is the ten thousands digit of 97186?
9
What is the thousands digit of 1304209?
4
What is the units digit of 1051903?
3
What is the thousands digit of 2085740?
5
What is the thousands digit of 3981260?
1
What is the hundred thousands digit of 369888?
3
What is the hundreds digit of 6525663?
6
What is the hundreds digit of 18493166?
1
What is the millions digit of 4166310?
4
What is the thousands digit of 3585993?
5
What is the hundred thousands digit of 335918?
3
What is the thousands digit of 832753?
2
What is the ten thousands digit of 1594627?
9
What is the tens digit of 284916?
1
What is the tens digit of 643715?
1
What is the hundreds digit of 1089128?
1
What is the hundred thousands digit of 768428?
7
What is the tens digit of 337327?
2
What is the hundred thousands digit of 17817220?
8
What is the ten thousands digit of 8397138?
9
What is the hundreds digit of 5191047?
0
What is the ten thousands digit of 1098754?
9
What is the tens digit of 272228?
2
What is the ten thousands digit of 385548?
8
What is the ten thousands digit of 22018784?
1
What is the thousands digit of 7890435?
0
What is the units digit of 12875?
5
What is the thousands digit of 9298156?
8
What is the hundred thousands digit of 796164?
7
What is the tens digit of 9983817?
1
What is the tens digit of 1619821?
2
What is the ten millions digit of 34831423?
3
What is the hundreds digit of 4837734?
7
What is the thousands digit of 53390?
3
What is the units digit of 41387689?
9
What is the hundreds digit of 2330300?
3
What is the tens digit of 40607?
0
What is the hundred thousands digit of 12088048?
0
What is the units digit of 19997170?
0
What is the ten thousands digit of 4014563?
1
What is the tens digit of 1290655?
5
What is the hundreds digit of 149926?
9
What is the hundreds digit of 12386910?
9
What is the hundreds digit of 46656?
6
What is the ten thousands digit of 169742?
6
What is the hundreds digit of 230624?
6
What is the ten thousands digit of 35136033?
3
What is the hundred thousands digit of 32628703?
6
What is the tens digit of 60275?
7
What is the hundred thousands digit of 4913458?
9
What is the hundred thousands digit of 700662?
7
What is the millions digit of 3106031?
3
What is the hundred thousands digit of 6640760?
6
What is the units digit of 1514857?
7
What is the units digit of 1167044?
4
What is the tens digit of 2554?
5
What is the ten thousands digit of 4684757?
8
What is the tens digit of 681416?
1
What is the ten thousands digit of 11234786?
3
What is the hundred thousands digit of 4285318?
2
What is the tens digit of 353930?
3
What is the tens digit of 3639805?
0
What is the units digit of 8975375?
5
What is the units digit of 40409?
9
What is the thousands digit of 9865301?
5
What is the units digit of 696628?
8
What is the hundred thousands digit of 4247480?
2
What is the hundreds digit of 58840?
8
What is the hundreds digit of 2619944?
9
What is the millions digit of 3750941?
3
What is the hundreds digit of 880933?
9
What is the hundred thousands digit of 392527?
3
What is the hundred thousands digit of 2599482?
5
What is the units digit of 108168?
8
What is the thousands digit of 330631?
0
What is the hundreds digit of 2761409?
4
What is the tens digit of 100831?
3
What is the units digit of 3187736?
6
What is the thousands digit of 118194?
8
What is the thousands digit of 5540195?
0
What is th